44?
4
What is the tens digit of 3295668087?
8
What is the millions digit of 595156845?
5
What is the units digit of 897995753?
3
What is the ten millions digit of 26386960?
2
What is the hundreds digit of 261492804?
8
What is the hundred thousands digit of 832636444?
6
What is the hundreds digit of 20546372?
3
What is the thousands digit of 32964290?
4
What is the units digit of 114445221?
1
What is the tens digit of 32442388?
8
What is the hundreds digit of 363570632?
6
What is the tens digit of 1648404247?
4
What is the thousands digit of 224207204?
7
What is the tens digit of 248149240?
4
What is the tens digit of 11778331?
3
What is the hundreds digit of 616345215?
2
What is the thousands digit of 114097007?
7
What is the millions digit of 5160144951?
0
What is the millions digit of 577588085?
7
What is the hundred thousands digit of 72805192?
8
What is the thousands digit of 18625487?
5
What is the hundred millions digit of 3020797348?
0
What is the billions digit of 1249381318?
1
What is the thousands digit of 362445168?
5
What is the hundreds digit of 19460641?
6
What is the hundred thousands digit of 2296466073?
4
What is the millions digit of 150693234?
0
What is the units digit of 253897826?
6
What is the thousands digit of 75615351?
5
What is the thousands digit of 27322992?
2
What is the thousands digit of 1002255299?
5
What is the hundred thousands digit of 81628445?
6
What is the hundreds digit of 75217290?
2
What is the hundred thousands digit of 36415160?
4
What is the hundred thousands digit of 107890616?
8
What is the thousands digit of 674645415?
5
What is the units digit of 36682272?
2
What is the millions digit of 3442969?
3
What is the ten millions digit of 2533941892?
3
What is the tens digit of 202381771?
7
What is the tens digit of 368347795?
9
What is the millions digit of 46622842?
6
What is the millions digit of 178806845?
8
What is the units digit of 5078112?
2
What is the thousands digit of 18160424?
0
What is the tens digit of 5794064013?
1
What is the tens digit of 130581185?
8
What is the hundreds digit of 2640088?
0
What is the thousands digit of 619297014?
7
What is the units digit of 309685869?
9
What is the ten millions digit of 327158248?
2
What is the hundred millions digit of 179858839?
1
What is the hundred thousands digit of 28712300?
7
What is the hundred millions digit of 392468487?
3
What is the ten thousands digit of 59048797?
4
What is the hundred thousands digit of 167644481?
6
What is the hundreds digit of 85188192?
1
What is the thousands digit of 126563273?
3
What is the hundreds digit of 382108191?
1
What is the hundred millions digit of 930360628?
9
What is the thousands digit of 26645584?
5
What is the tens digit of 83768938?
3
What is the millions digit of 58607396?
8
What is the tens digit of 22113565?
6
What is the units digit of 77551163?
3
What is the millions digit of 974722896?
4
What is the units digit of 579596983?
3
What is the millions digit of 3004272?
3
What is the hundreds digit of 103098729?
7
What is the thousands digit of 15015381?
5
What is the ten thousands digit of 1781968307?
6
What is the tens digit of 38632487?
8
What is the hundreds digit of 1187663297?
2
What is the hundreds digit of 1550032439?
4
What is the hundred thousands digit of 535805267?
8
What is the millions digit of 8446452943?
6
What is the hundred millions digit of 1173104432?
1
What is the thousands digit of 273407552?
7
What is the ten thousands digit of 2061328411?
2
What is the tens digit of 1078525390?
9
What is the hundreds digit of 1131115716?
7
What is the hundred thousands digit of 128985080?
9
What is the millions digit of 173120832?
3
What is the units digit of 4945746?
6
What is the thousands digit of 99706467?
6
What is the ten millions digit of 76925423?
7
What is the millions digit of 710066833?
0
What is the ten millions digit of 297131769?
9
What is the hundred millions digit of 104438019?
1
What is the millions digit of 522351844?
2
What is the hundreds digit of 5999950185?
1
What is the hundred thousands digit of 11729885?
7
What is the tens digit of 60555878?
7
What is the tens digit of 89201828?
2
What is the tens digit of 1268054757?
5
What is the ten thousands digit of 44346430?
4
What is the ten thousands digit of 699246388?
4
What is the hundreds digit of 503916727?
7
What is the ten millions digit of 430230125?
3
What is the hundred millions digit of 9449563112?
4
What is the hundred thousands digit of 24795654?
7
What is the thousands digit of 230369216?
9
What is the ten thousands digit of 75769555?
6
What is the billions digit of 2911237556?
2
What is the ten thousands digit of 21368261?
6
What is the ten millions digit of 73191897?
7
What is the billions digit of 1116346818?
1
What is the units digit of 188420883?
3
What is the tens digit of 75008927?
2
What is the units digit of 23732377?
7
What is the ten millions digit of 2222645732?
2
What is the thousands digit of 5528186878?
6
What is the ten millions digit of 742555347?
4
What is the millions digit of 49482615?
9
What is the millions digit of 32099414?
2
What is the thousands digit of 1767576722?
6
What is the units digit of 597507086?
6
What is the ten thousands digit of 93307946?
0
What is the tens digit of 545146795?
9
What is the units digit of 1864781576?
6
What is the thousands digit of 442912452?
2
What is the ten millions digit of 4263910354?
6
What is the units digit of 263806683?
3
What is the thousands digit of 11850743?
0
What is the ten millions digit of 88698195?
8
What is the hundreds digit of 61993190?
1
What is the tens digit of 633546604?
0
What is the millions digit of 5487439?
5
What is the ten thousands digit of 21881135?
8
What is the ten millions digit of 193372042?
9
What is the millions digit of 8522004?
8
What is the thousands digit of 1245168?
5
What is the units digit of 558361210?
0
What is the hundreds digit of 5230772336?
3
What is the ten millions digit of 23954399?
2
What is the hundreds digit of 71650102?
1
What is the tens digit of 19636205?
0
What is the tens digit of 63726998?
9
What is the hundreds digit of 532635378?
3
What is the units digit of 1018572170?
0
What is the thousands digit of 105404234?
4
What is the ten millions digit of 54957080?
5
What is the hundreds digit of 478603594?
5
What is the hundred millions digit of 1725254850?
7
What is the thousands digit of 10604503?
4
What is the hundred millions digit of 434537514?
4
What is the tens digit of 3819059316?
1
What is the ten thousands digit of 170880282?
8
What is the hundred millions digit of 575228567?
5
What is the ten thousands digit of 987472653?
7
What is the thousands digit of 528687974?
7
What is the millions digit of 95924009?
5
What is the hundred millions digit of 155760041?
1
What is the millions digit of 72576965?
2
What is the units digit of 59811468?
8
What is the hundreds digit of 483964523?
5
What is the billions digit of 1398105647?
1
What is the ten thousands digit of 614333125?
3
What is the thousands digit of 6041869759?
9
What is the hundreds digit of 163888487?
4
What is the hundred thousands digit of 88254219?
2
What is the hundred millions digit of 500779158?
5
What is the tens digit of 419088858?
5
What is the ten millions digit of 1032753013?
3
What is the ten thousands digit of 10393741?
9
What is the tens digit of 286379804?
0
What is the hundred thousands digit of 1400372417?
3
What is the hundred millions digit of 2906362265?
9
What is the thousands digit of 2307967291?
7
What is the millions digit of 1921192328?
1
What is the units digit of 45907124?
4
What is the units digit of 38958311?
1
What is the ten thousands digit of 47700271?
0
What is the units digit of 24089046?
6
What is the hundred thousands digit of 3232112?
2
What is the millions digit of 72177356?
2
What is the ten thousands digit of 369544339?
4
What is the units digit of 1107122237?
7
What is the units digit of 46186372?
2
What is the ten millions digit of 29541998?
2
What is the hundreds digit of 2864510501?
5
What is the ten thousands digit of 107673927?
7
What is the tens digit of 69115093?
9
What is the hundred millions digit of 2199277245?
1
What is the ten thousands digit of 69839820?
3
What is the hundre